{"id":206,"date":"2019-01-26T14:36:13","date_gmt":"2019-01-26T16:36:13","guid":{"rendered":"https:\/\/masnempeixinho.com.br\/?page_id=206"},"modified":"2019-01-26T14:37:20","modified_gmt":"2019-01-26T16:37:20","slug":"seja-um-patrocinador","status":"publish","type":"page","link":"https:\/\/mosaiko.com.br\/portfolio\/masnempeixinho\/seja-um-patrocinador\/","title":{"rendered":"Seja um patrocinador"},"content":{"rendered":"\n<h2 class=\"wp-block-heading\">4\u00aa Feira Vegana Mas Nem Peixinho?<\/h2>\n\n\n\n<p>Est\u00e1 interessado em patrocinar a 4\u00aa Feira Vegana Mas Nem Peixinho? (4\u00aa MNP), organizada pela \u2018Mas nem Peixinho?\u2019, que acontecer\u00e1 no dia 07\/04\/2019, das 10h \u00e0s 18h, na Avenida de Cillo, 2220. Ent\u00e3o  preencha o formul\u00e1rio a seguir e entraremos em contato!<\/p>\n\n\n<p><!--EndFragment--><\/p>\n<p><\/p>","protected":false},"excerpt":{"rendered":"<p>4\u00aa Feira Vegana Mas Nem Peixinho? Est\u00e1 interessado em patrocinar a 4\u00aa Feira Vegana Mas Nem Peixinho? (4\u00aa MNP), organizada pela \u2018Mas nem Peixinho?\u2019, que acontecer\u00e1 no dia 07\/04\/2019, das 10h \u00e0s 18h, na Avenida de Cillo, 2220. Ent\u00e3o preencha o formul\u00e1rio a seguir e entraremos em contato!<\/p>\n","protected":false},"author":1,"featured_media":51,"parent":0,"menu_order":0,"comment_status":"closed","ping_status":"closed","template":"templates\/template-para-patrocinadores.php","meta":{"_acf_changed":false,"footnotes":""},"class_list":["post-206","page","type-page","status-publish","has-post-thumbnail","hentry"],"acf":[],"_links":{"self":[{"href":"https:\/\/mosaiko.com.br\/portfolio\/masnempeixinho\/wp-json\/wp\/v2\/pages\/206","targetHints":{"allow":["GET"]}}],"collection":[{"href":"https:\/\/mosaiko.com.br\/portfolio\/masnempeixinho\/wp-json\/wp\/v2\/pages"}],"about":[{"href":"https:\/\/mosaiko.com.br\/portfolio\/masnempeixinho\/wp-json\/wp\/v2\/types\/page"}],"author":[{"embeddable":true,"href":"https:\/\/mosaiko.com.br\/portfolio\/masnempeixinho\/wp-json\/wp\/v2\/users\/1"}],"replies":[{"embeddable":true,"href":"https:\/\/mosaiko.com.br\/portfolio\/masnempeixinho\/wp-json\/wp\/v2\/comments?post=206"}],"version-history":[{"count":2,"href":"https:\/\/mosaiko.com.br\/portfolio\/masnempeixinho\/wp-json\/wp\/v2\/pages\/206\/revisions"}],"predecessor-version":[{"id":208,"href":"https:\/\/mosaiko.com.br\/portfolio\/masnempeixinho\/wp-json\/wp\/v2\/pages\/206\/revisions\/208"}],"wp:featuredmedia":[{"embeddable":true,"href":"https:\/\/mosaiko.com.br\/portfolio\/masnempeixinho\/wp-json\/wp\/v2\/media\/51"}],"wp:attachment":[{"href":"https:\/\/mosaiko.com.br\/portfolio\/masnempeixinho\/wp-json\/wp\/v2\/media?parent=206"}],"curies":[{"name":"wp","href":"https:\/\/api.w.org\/{rel}","templated":true}]}}

<h2 class="wp-block-heading">4ª Feira Vegana Mas Nem Peixinho?</h2>



<p>Está interessado em patrocinar a 4ª Feira Vegana Mas Nem Peixinho? (4ª MNP), organizada pela ‘Mas nem Peixinho?’, que acontecerá no dia 07/04/2019, das 10h às 18h, na Avenida de Cillo, 2220. Então  preencha o formulário a seguir e entraremos em contato!</p>


<p><!--EndFragment--></p>
<p></p>

<p>4ª Feira Vegana Mas Nem Peixinho? Está interessado em patrocinar a 4ª Feira Vegana Mas Nem Peixinho? (4ª MNP), organizada pela ‘Mas nem Peixinho?’, que acontecerá no dia 07/04/2019, das 10h às 18h, na Avenida de Cillo, 2220. Então preencha o formulário a seguir e entraremos em contato!</p>
