{"id":49,"date":"2019-01-11T15:38:30","date_gmt":"2019-01-11T17:38:30","guid":{"rendered":"https:\/\/mosaiko.com.br\/portfolio\/masnempeixinho\/?page_id=49"},"modified":"2019-01-13T18:04:59","modified_gmt":"2019-01-13T20:04:59","slug":"seja-um-expositor","status":"publish","type":"page","link":"https:\/\/mosaiko.com.br\/portfolio\/masnempeixinho\/seja-um-expositor\/","title":{"rendered":"Seja um Expositor"},"content":{"rendered":"\n<h2 class=\"wp-block-heading\">4\u00aa Feira Vegana Mas Nem Peixinho?<\/h2>\n\n\n\n<p>Est\u00e1 interessado em participar da 4\u00aa Feira Vegana Mas Nem Peixinho? (4\u00aa MNP), organizada pela \u2018Mas nem Peixinho?\u2019, que acontecer\u00e1 no dia 07\/04\/2019, das 10h \u00e0s 18h, na Avenida de Cillo, 2220. Ent\u00e3o precisamos que voc\u00ea preencha o formul\u00e1rio a seguir!<\/p>\n\n\n\n<p>Vale lembrar ainda, que a taxa \u00e9 de R$ 250,00.<br>Tamb\u00e9m ser\u00e3o cobrados 10% em cima da venda bruta de cada expositor, com acerto ao final do evento.<\/p>\n\n\n\n<h3 class=\"wp-block-heading\">Apoio oferecido ao expositor:<\/h3>\n\n\n\n<ul class=\"wp-block-list\"><li>Tenda profissional com espa\u00e7o individual<\/li><li>1 mesa e 4 cadeiras<\/li><li>Suporte de cabeamento 110V e 220V<\/li><li>Volunt\u00e1rios, eletricista e bombeiros dispon\u00edveis durante todo o evento<\/li><li>Seguran\u00e7a: Particular e policiamento<\/li><li>Desconto na hospedagem do hotel patrocinador da feira.<\/li><\/ul>\n\n\n\n<p>\u00c9 importante ressaltar que esse \u00e9 apenas um formul\u00e1rio pr\u00e9vio para que a MNP possa selecionar os interessados e, posteriormente, enviar mais informa\u00e7\u00f5es no contrato. Por isso, apenas o preenchimento dele n\u00e3o garante a participa\u00e7\u00e3o na feira.<\/p>\n","protected":false},"excerpt":{"rendered":"<p>4\u00aa Feira Vegana Mas Nem Peixinho? Est\u00e1 interessado em participar da 4\u00aa Feira Vegana Mas Nem Peixinho? (4\u00aa MNP), organizada pela \u2018Mas nem Peixinho?\u2019, que acontecer\u00e1 no dia 07\/04\/2019, das 10h \u00e0s 18h, na Avenida de Cillo, 2220. Ent\u00e3o precisamos que voc\u00ea preencha o formul\u00e1rio a seguir! Vale lembrar ainda, que a taxa \u00e9 de [&hellip;]<\/p>\n","protected":false},"author":1,"featured_media":51,"parent":0,"menu_order":0,"comment_status":"closed","ping_status":"closed","template":"templates\/template-para-expositores.php","meta":{"_acf_changed":false,"footnotes":""},"class_list":["post-49","page","type-page","status-publish","has-post-thumbnail","hentry"],"acf":[],"_links":{"self":[{"href":"https:\/\/mosaiko.com.br\/portfolio\/masnempeixinho\/wp-json\/wp\/v2\/pages\/49","targetHints":{"allow":["GET"]}}],"collection":[{"href":"https:\/\/mosaiko.com.br\/portfolio\/masnempeixinho\/wp-json\/wp\/v2\/pages"}],"about":[{"href":"https:\/\/mosaiko.com.br\/portfolio\/masnempeixinho\/wp-json\/wp\/v2\/types\/page"}],"author":[{"embeddable":true,"href":"https:\/\/mosaiko.com.br\/portfolio\/masnempeixinho\/wp-json\/wp\/v2\/users\/1"}],"replies":[{"embeddable":true,"href":"https:\/\/mosaiko.com.br\/portfolio\/masnempeixinho\/wp-json\/wp\/v2\/comments?post=49"}],"version-history":[{"count":5,"href":"https:\/\/mosaiko.com.br\/portfolio\/masnempeixinho\/wp-json\/wp\/v2\/pages\/49\/revisions"}],"predecessor-version":[{"id":190,"href":"https:\/\/mosaiko.com.br\/portfolio\/masnempeixinho\/wp-json\/wp\/v2\/pages\/49\/revisions\/190"}],"wp:featuredmedia":[{"embeddable":true,"href":"https:\/\/mosaiko.com.br\/portfolio\/masnempeixinho\/wp-json\/wp\/v2\/media\/51"}],"wp:attachment":[{"href":"https:\/\/mosaiko.com.br\/portfolio\/masnempeixinho\/wp-json\/wp\/v2\/media?parent=49"}],"curies":[{"name":"wp","href":"https:\/\/api.w.org\/{rel}","templated":true}]}}

<h2 class="wp-block-heading">4ª Feira Vegana Mas Nem Peixinho?</h2>



<p>Está interessado em participar da 4ª Feira Vegana Mas Nem Peixinho? (4ª MNP), organizada pela ‘Mas nem Peixinho?’, que acontecerá no dia 07/04/2019, das 10h às 18h, na Avenida de Cillo, 2220. Então precisamos que você preencha o formulário a seguir!</p>



<p>Vale lembrar ainda, que a taxa é de R$ 250,00.<br>Também serão cobrados 10% em cima da venda bruta de cada expositor, com acerto ao final do evento.</p>



<h3 class="wp-block-heading">Apoio oferecido ao expositor:</h3>



<ul class="wp-block-list"><li>Tenda profissional com espaço individual</li><li>1 mesa e 4 cadeiras</li><li>Suporte de cabeamento 110V e 220V</li><li>Voluntários, eletricista e bombeiros disponíveis durante todo o evento</li><li>Segurança: Particular e policiamento</li><li>Desconto na hospedagem do hotel patrocinador da feira.</li></ul>



<p>É importante ressaltar que esse é apenas um formulário prévio para que a MNP possa selecionar os interessados e, posteriormente, enviar mais informações no contrato. Por isso, apenas o preenchimento dele não garante a participação na feira.</p>

<p>4ª Feira Vegana Mas Nem Peixinho? Está interessado em participar da 4ª Feira Vegana Mas Nem Peixinho? (4ª MNP), organizada pela ‘Mas nem Peixinho?’, que acontecerá no dia 07/04/2019, das 10h às 18h, na Avenida de Cillo, 2220. Então precisamos que você preencha o formulário a seguir! Vale lembrar ainda, que a taxa é de [&hellip;]</p>
